9?
3
Let h(j) = 59*j + 137. Let r be h(-10). Let d = r - -1347. What is the units digit of d?
4
Let x = 24194 - 14282. What is the hundreds digit of x?
9
Suppose -s + 17 = -2*x, -s - 4*x + 17 = -x. Suppose -5*m - b = 13, -3*m - 4*b - s = 1. What is the tens digit of 9/(-6)*m - -148?
5
Suppose 5*w - 44438 = -3*k, 4*w + 20*k - 35547 = 21*k. What is the thousands digit of w?
8
Let z(f) = -f**3 + 4*f**2 + f - 7. Let x be z(3). Suppose 5*h + 3*r - 359 = 0, -r = x*h - 0*r - 363. Suppose 4*o - h = 67. What is the units digit of o?
5
Let g(b) = -b**3 + 14*b**2 + 15*b + 14. Let j(m) = m**3 + m**2 + m - 1. Let y be j(-2). What is the hundreds digit of g(y)?
9
What is the hundreds digit of 9555556/684 + (-2)/18?
9
Suppose 3*j + 0*j + a - 42 = 0, -2*j = -4*a - 14. What is the hundreds digit of (1 + j)/((-4)/(-32))?
1
Let i(j) = -7*j**3 - 3*j**2 - 3*j - 2. Let m(h) = h**3 + h**2 + 3. Let g be m(0). Suppose -d + p = 2, -2*d = -g*d - 2*p - 2. What is the tens digit of i(d)?
4
Let u(a) = 18*a - 123. Let l be u(7). Suppose -l*m + 21*m - 20556 = 0. What is the units digit of m?
2
Let i be -5*(-5)/(-25)*-17. Suppose -4*y + i*y = 11206. What is the tens digit of y?
6
Let w(h) be the first derivative of h**6/72 + h**5/40 - 19*h**4/24 - 11*h**3/3 + 27. Let o(v) be the third derivative of w(v). What is the tens digit of o(4)?
7
Let l = -819 + 174. What is the tens digit of 15/15 + (0 - l)/3?
1
Suppose 3*w = 2*a - 13624, -5*a - 104*w = -109*w - 34050. What is the hundreds digit of a?
8
Suppose 1284 = -94*k + 100*k. Suppose t - 231 = -k. What is the tens digit of t?
1
Let g be 8/2 - 10 - (-27 + 3). Suppose 0*p + g*p - 14562 = 0. What is the tens digit of p?
0
Let j = -1907 - -2219. What is the units digit of j?
2
Let l(a) = 41*a - 26*a + 5 - a**2 - 20*a. Let r be l(-5). Suppose 3*u - x = 62, 0 = -u - 3*u + r*x + 79. What is the units digit of u?
1
Suppose -w + 3*c = 3560 - 11901, -33350 = -4*w - 2*c. What is the tens digit of w?
3
Let a be 28/21 + (-1)/3 + -4. Let k(z) = 24*z**2 - 18*z - 65. What is the tens digit of k(a)?
0
Suppose 3*s = 4*n + 37, -3*s - n - 4*n = -55. Let t = -55 + s. What is the tens digit of (-22)/(-5)*t/(-2)?
8
What is the units digit of 2656554/(-1230)*(-4 + -1)?
9
Suppose h = 5, d - h = h - 8. Let w be 1/(((-10)/(-20))/(d/(-4))). What is the tens digit of (148/(-12))/(w/9)?
1
Let p = -139 + 931. Suppose -p = 4*f - 2832. What is the hundreds digit of f?
5
What is the hundreds digit of -6*(13/26 - (-13675)/(-6))?
6
Let h = 73729 + -42295. What is the tens digit of h?
3
Suppose 43 = 4*i - o, 0*o + 4*o = -12. Let n be (0/i)/(1 + -2). Suppose 3*s - 3*a = 204, n = 5*s - a - 157 - 171. What is the units digit of s?
5
Let b(c) = -c**3 - 77*c**2 - 365*c - 152. What is the units digit of b(-74)?
0
Let o(c) = -146 - 7*c + 42 - 63*c. What is the tens digit of o(-9)?
2
Let h = 2988 + 28003. What is the thousands digit of h?
0
Suppose 4*l = -l + 25. Suppose 2*u - l = u. Suppose 0 = u*x - x - 88. What is the units digit of x?
2
Let u be ((-77)/11)/((-2)/8). Suppose -u = -4*j + 4*b, 6 = j - 4*b - 10. Suppose -f + 23 = -w, j*f + 12 - 98 = 2*w. What is the units digit of f?
0
Suppose 0 = 3*g + 3, -z = 3*z + 4*g - 1444. What is the units digit of z?
2
What is the units digit of (4 + -522)*(-1680)/147?
0
Let g = 32 + -32. Let b(t) = -t**2 + 5*t + 346. What is the hundreds digit of b(g)?
3
Let a(v) = 2421*v + 1995. What is the ten thousands digit of a(5)?
1
Let f = -216 + 234. What is the units digit of (2*599)/(20 - f)?
9
Suppose 2*s - 4148 = -4*k, 0*k + 3*s + 3120 = 3*k. What is the hundreds digit of ((-3 + 4)*k)/((-27)/(-18))?
6
Suppose 704398 = -3*t + 20*t + 235776. What is the thousands digit of t?
7
Let p be (48/(-84))/(0 - 2/14). What is the tens digit of -3*(6/p + (-697)/6)?
4
Let w(l) = 2*l**3 + l**2 + 122. Let s = 42 + -15. Let d = s + -27. What is the units digit of w(d)?
2
Let t(w) be the third derivative of -7*w**4/6 + 2*w**3 - 8*w**2 - w. What is the tens digit of t(-4)?
2
What is the hundreds digit of (236/(-6))/(28/(-7308))?
2
Let t(m) = -2*m**3 + 120*m**2 + 29*m + 115. What is the tens digit of t(59)?
8
Let n = -3249 + 7294. What is the tens digit of n?
4
Let y = 47347 - 23719. What is the thousands digit of y?
3
Let k = -8486 + 18839. What is the thousands digit of k?
0
Let x = -23555 - -40363. What is the units digit of x?
8
Let c(f) = f**2 - f. Let q be c(0). Suppose 2*t + 10*t - 2316 = q. What is the units digit of t?
3
Let m(f) = 435*f**2 + 3*f - 5. Let i be m(1). Let c = i + 114. What is the hundreds digit of c?
5
Let k = -48 - -48. Suppose 4*p + 16 = k, a - 2*p + 3*p = 2. Let q(m) = 2*m**3 - 7*m**2 + 3. What is the hundreds digit of q(a)?
1
Suppose 4*a = 8*a - 49237 - 547. What is the ten thousands digit of a?
1
Let m be 1 + 27/12*4. Suppose -o - 8 = -m. Suppose 162 = 3*s - o*s. What is the tens digit of s?
6
Let x(n) be the second derivative of n**5/20 - 2*n**4/3 + 11*n**3/6 - 19*n**2/2 - 2*n. Let f be x(6). What is the units digit of (-664)/(-20)*f/(-10)?
3
Let p = -2628 - -5715. Suppose -4*i + v = -5592, 5*v + 1090 + p = 3*i. What is the tens digit of i?
9
Suppose 2*z + 777 - 4193 = 2*i, -5*i + 6*z - 8544 = 0. Suppose 4*k = 4*u - 12 + 40, 4*u = 2*k - 24. What is the hundreds digit of i/(-16) - (-1 - k/4)?
1
Let w = 121 + -118. What is the hundreds digit of (-7662)/(-14) + w/(105/(-10))?
5
Let k(n) = -142*n - 109. Let t be k(-9). Suppose 770 = 2*s - 2*v, 3*s = 10*v - 14*v + t. What is the units digit of s?
7
Let n = 130 + -138. Let o(z) = 11 - 5*z - z - z**2 - 2*z. What is the units digit of o(n)?
1
Let j(r) = r**2 - 8*r - 21. Let c be j(8). Let b be (-1 - 11)*c/84. Suppose p - 3*t - 395 = -p, b*p + 4*t = 618. What is the units digit of p?
2
Let o = -8072 - -17620. Suppose -22*p + 8*p = -o. What is the units digit of p?
2
Suppose 4*g + 2*w = 17560, 8786 = 398*g - 396*g + 2*w. What is the tens digit of g?
8
Suppose -2*n + 4 = 3*x, 0 = -24*n + 20*n + 2*x + 8. Suppose 0 = 2*i + 6, 953 = n*h - 3*i - 368. What is the hundreds digit of h?
6
Suppose 21*z - 18*z - 1 = -s, -8 = -2*s. What is the units digit of 146 - (5 + (z - 6)) - 3?
5
Suppose -125514 = 49*u - 67*u. What is the thousands digit of u?
6
Let a(x) = -5*x**2 - 8*x - 9. Let u(m) = -51*m**2 - 81*m - 90. Let k(z) = -21*a(z) + 2*u(z). What is the units digit of k(10)?
9
Suppose 44*r - 36*r + 7864 = 0. Let s = 2351 + r. What is the hundreds digit of s?
3
Suppose -10*r + 22684 - 4564 = 0. Suppose r = 19*j - 791. What is the hundreds digit of j?
1
Let p(w) be the second derivative of -2*w**3 - 17*w**2 - 19*w. Let s(o) = o - 1. Let x(k) = -p(k) - 3*s(k). What is the units digit of x(-4)?
1
Suppose -41652 = -2*i + 2*s, 3*s - 18587 = -2*i + 23075. What is the tens digit of i?
2
Let b(l) = -73 + 4*l + 0*l + 41. Let k be b(18). Suppose 2*n + 0*n + 3*m = k, 5*m - 78 = -4*n. What is the tens digit of n?
1
Let u = 6662 - 3967. Suppose 5*k - u = -5*s, 3*k - 2154 = 2*s - 6*s. What is the tens digit of s?
3
Suppose -15*g = u - 16*g - 2439, -5*u = -3*g - 12201. What is the hundreds digit of u?
4
Suppose -1554 = -11*z + 476 - 611. What is the tens digit of z?
2
Let l(i) = -i**3 + 3*i**2 + 6*i + 15. Suppose -5*p + 1 - 36 = 0. What is the units digit of l(p)?
3
Suppose 943696 = 118*r - 92*r. What is the thousands digit of r?
6
Suppose -51*x = -41*x - 128675 - 113535. What is the units digit of x?
1
Suppose -8*o + 4*o = -5*p + 1916, 0 = -4*p + 16. What is the tens digit of (o/(-4))/((-4)/(-8))?
3
Let q be (245/(-98))/((-5)/6). Suppose -16*i + 20*i - 1988 = -2*f, -4*f + 3971 = q*i. What is the tens digit of f?
9
Let q(n) = 187*n**2 - 110*n - 169. What is the units digit of q(20)?
1
Suppose -35*u + 47756 + 536639 = 0. What is the ten thousands digit of u?
1
Let b(j) = -19*j**2 + 3*j + 2. Let v(c) = -c**3 - 95*c**2 + 16*c + 11. Let s(n) = -11*b(n) + 2*v(n). What is the units digit of s(8)?
4
Suppose -3*u + 37 = 5*c - 3*c, 0 = -c - 4. Suppose -10*l + w = -u*l + 840, l - 4*w - 168 = 0. What is the units digit of l?
8
Let c(s) = -937*s - 58. What is the tens digit of c(-8)?
3
Let f(h) = 5*h + 155. Let l be f(-15). Let m = 362 - l. What is the units digit of m?
2
Let x be (1 - 1)/(5 + -6). Suppose -3*b + 199 = 2*i, -3*i - 2*b + 0*b + 286 = x. What is the tens digit of i?
9
Let z(t) = 51*t**2 + 25*t - 61. What 